-9)?
3
What is (-34 - -18) + -24 + 8?
-32
(60 - 41) + -6 + (4 - 1)
16
Calculate (-9 - -8) + (10 - (8 + -4)) - 4.
1
-1 - 0 - (25 - (10 + 11 - 11))
-16
What is 2 - (-3 - 1 - -4)?
2
What is the value of (23 + -8 - -6) + -41?
-20
What is the value of 0 + -1 - (56 - 73)?
16
17 - 18 - -4 - 7
-4
Evaluate 17 + 6 + -14 - 17.
-8
Calculate 4 - (9 + -7 - -5 - (9 - 2)).
4
What is the value of 0 + 1 - 6 - (-132 - -118)?
9
Evaluate -4 + (10 - ((-10 - -13) + -4)).
7
What is the value of 3 + (-8 + 2 - ((1 - 0) + -4))?
0
What is -25 - (22 + -64 - -28)?
-11
Evaluate 11 + (4 - 18 - -27).
24
What is -1 - (-11 + (-6 - -4))?
12
What is -2 + 8 - (0 + 8 + -2 - 8)?
8
What is the value of -18 + 8 + (0 - -17)?
7
Calculate 0 + 26 + -9 + (-15 - -38) + -15.
25
What is -6 + 16 + -23 + 3 + -12?
-22
What is -1 + (1 - 1) + -11 + (-3176 - -3177)?
-11
Evaluate 15 + -6 + (6 - (4 + 6)).
5
Calculate (0 + 16 - 4) + -9 + -4.
-1
What is the value of 13 + (-7 + 0 - (218 + -210))?
-2
-1 + 341 + -344 + (5 - 0)
1
What is the value of (15 - -17) + -28 - 27?
-23
What is 2 + 3 - (8 - 18 - (-2 + -2))?
11
What is -1383 + 1391 + -2 + (-24 - 1)?
-19
-45 + 14 + 47 - (26 + -2)
-8
What is 0 + (-1 - 1) + -3?
-5
Calculate -4 - (-5 + (2 - 1 - (7 + -3))).
4
What is the value of (30 - 30 - (3 - 0)) + 10?
7
Calculate 3 - 3 - (-22 + 30 - (-2 + 24)).
14
Calculate (4 - 7 - -5) + (-61 - -59).
0
What is the value of 2 + -15 - (-12 - (-13 + (-3 - -3)))?
-14
Calculate (3 - 4) + 35 + -48.
-14
What is the value of -14 - (-25 - (-14 - -6))?
3
What is the value of 14 + 1 + -34 + 18?
-1
What is -8 - ((10 - 14) + 0) - -2?
-2
Evaluate 15 - (16 - -2 - -19).
-22
What is the value of -13 + -3 + 5 + 3 + 3 + -7?
-12
What is the value of -13 + 13 + 8 + (-4 - -9)?
13
What is -9 - (-8 - 5) - 13?
-9
Calculate 59 - ((-27 - 11) + 66).
31
Evaluate (-2 - 29 - (-39 - -29)) + 9.
-12
What is (7 - (8 + -17)) + (-11 - -4) + 5?
14
Calculate -2 + 3 + -6 + -2 - (65 + -75).
3
Calculate (28 + -20 - 0) + -11.
-3
-35 + 36 - (5 - 2)
-2
6 - 11 - -13 - 7
1
(-58 + 28 - -22) + -4
-12
Evaluate -7 + 9 + 14 + 7 + -7.
16
What is the value of -20 - -16 - (23 + -8)?
-19
What is (-42 - -12) + 28 - (-6 - -3 - 2)?
3
Calculate (6 - (0 - -1)) + 4 + 8 + -7.
10
What is the value of (2 - 27) + 4 + 13 + -23?
-31
What is -23 + (-6 + (-10 - -17) - -10)?
-12
What is (-16 - -2 - ((10 - -3) + -18)) + -1?
-10
What is the value of -14 - (-10 + (8 - 9) - -16)?
-19
(-7 - (-13 - (7 - 3 - 7))) + -9
-6
Calculate 1 - 4 - (6 - (16 + 23)).
30
What is (6 - (-34 - -20) - -1) + (-10 - 0)?
11
(-24 - -11) + -12 + 35
10
Calculate -6 - 2 - (-22 + -3).
17
Evaluate (-2 - 24) + (97 - 80).
-9
Evaluate (-7 - (1 - 8) - -1) + (3 - 0).
4
What is the value of (2 - (-3 - -6) - -3) + 0 + 1?
3
Evaluate 21 - (27 - -2 - 31).
23
What is the value of 20 + -5 + 7 + 3 + -13 - -4?
16
What is the value of -3 + 13 + (-1 - 11 - 7)?
-9
Calculate 6 - (2 + -1) - (-141 + 149).
-3
-1 + -11 + -8 + (6 - -7)
-7
(-5 - 1) + -6 + 5 + -1
-8
What is (55 - (75 + -41)) + 2 + -1 - -12?
34
43 + -22 + -14 - (0 + 0 + -1)
8
What is -23 + 1 + 188 + -193?
-27
Calculate (0 - (0 + 0)) + 6 + -8.
-2
Evaluate 8 - (-7 + (10 - 10) - (8 + 0)).
23
Evaluate 11 + (-7 - 0 - (5 + -9)).
8
What is the value of (0 + -24 - -17) + (1 - (-16 + -1))?
11
What is 4 + 0 + (14 - (6 - -6) - -4)?
10
What is (6 - (1 + 4)) + -1 - (-23 - -5)?
18
Evaluate (-43 + 29 - 12) + 30.
4
What is (6 + 8 - (46 + -40)) + (-44 - 1)?
-37
What is -339 + 320 + -1 + 26 + -11 + -1?
-6
What is the value of (-224 - -226) + -20 + 0?
-18
What is -13 + (7 - -2 - 1) - -3?
-2
Evaluate 0 - 32 - (439 + -447).
-24
What is the value of (-1 - 14) + (2 - 3) + 51 + -48?
-13
What is the value of 7 + ((-21 - 0) + 0 - (-198 - -193))?
-9
What is the value of (-1370 - -1368) + (-6 - (1 + 0))?
-9
What is 27 - 23 - (-1 + 15) - (3 - 3)?
-10
Calculate -3 + (1 - -1) + -7 + (-5 - -13).
0
Calculate 13 - -2 - (74 - 37).
-22
What is 1 + 7 + 12 + -13?
7
27 - (-8 - -25 - 8)
18
What is (7 - (4 - (8 - 16))) + 1?
-4
(9 - (-5 + 10 + 5)) + -1
-2
Calculate -1 - 1 - (-39 - (-23 - 22)).
-8
What is -43 - -28 - (-18 - 8)?
11
What is the value of -4 - (20 - 25) - -7?
8
What is (1 - 25) + (-1 + -6 - -12)?
-19
What is 328 - 328 - (35 - 1)?
-34
Calculate (2 - -19) + 251 + -277.
-5
Evaluate -31 + 0 + -24 + -22 + 44.
-33
What is (659 - 668) + 9 + -1?
-1
Calculate (16 - (49 + -17)) + (-1 - -2).
-15
Evaluate -10 + -2 - (-18 + 26 + -12).
-8
-6 + 5 - (6 + -12 - -14)
-9
What is 8 - (-3 - (24 + (-17 - -17)))?
35
What is 28 - (-6 - (-11 + -6))?
17
Evaluate -2 - 2 - (-12 + -8).
16
Calculate 13 + (1 - 7 - (-12 + 5)).
14
What is 7 - (5 + 0) - 2 - (-8 + -11)?
19
Calculate 3 + (4 + -8 + 6 + 8 - -6).
19
Calculate (103 - 104) + (18 - (-2 - (1 + -2))).
18
(-39 - -28) + -11 + 11
-11
What is 10 + 9 + -24 - (1 - (1 + 3))?
-2
What is (-190 - -196) + -30 + (-2 - -5)?
-21
What is the value of 15 - (8 + -7 - -5) - -3?
12
What is -1 + 41 + 105 + -129?
16
What is the value of 6 + (0 + (1 - 4) - (-88 + 87))?
4
Calculate 13 + -22 + 0 + -10.
-19
What is 7 - 14 - -22 - (10 - (0 + 1))?
6
What is -5 + (-1 - (-4 - -4) - (32 - 28))?
-10
Evaluate (1 - -4 - 4) + (-6 - -6) + 1.
2
What is the value of 9 + (10 - (-2 - -4)) + -5 + 6?
18
Evaluate -2 - 0 - (-17 + 9 + 6 - 2).
2
Calculate -13 - (6 - 4 - -3 - (5 + -1)).
-14
What is the value of -46 + 2 + (27 - 7)?
-24
(33 - 32 - (3 + 3)) + (6 - -24)
25
Evaluate (4 - (-9 - -38) - 1) + 11.
-15
Calculate (-6 - -22) + 5 - 12.
9
What is 22 - (-26 - (-52 + 11))?
7
What is -24 - (-27 + 42 + -37)?
-2
Calculate 4 - (-5 + 8) - (-1 - -2) - 1.
-1
What is -15 + 10 - (-62 + 74)?
-17
Evaluate (-3 - 1 - (-24 - -26)) + 10.
4
-22 + -1 - (-90 + 69 - -15)
-17
What is 9 - (-7 + (-30 + 33 - (0 + 5)))?
18
Evaluate 5 + -7 + -19 + 16.
-5
Evaluate 5 + 23 + -37 + 14.
5
-10 - 3 - -12 - (-4 + -11 + 4)
10
What is the value of (3 - 0 - (-39 - -44)) + -5?
-7
What is the value of (9 + -7 - -4 - -2) + 13 - 4?
17
((-6 - 6) + 4 - -8) + (-8 - 0)
-8
What is 0 - 21 - (261 - 262)?
-20
What is 5 - (23 - 1 - (-16 + -1 - -20))?
-14
-5 + -3 + (4 - (0 + -2)) + 7
5
What is the value of (10 - 9) + (3 - 0)?
4
Calculate 2 + -3 + 5 + (6 - -10) + -10.
10
Evaluate (3 - 28) + (3 - -1).
-21
(-4 - (-4 - 3) - -31) + (-3 - 4)
27
(-4 - -12) + -10 + 7 + (0 - -19)
24
Evaluate 125 + -133 + 0 + 7.
-1
Evaluate -14 - (15 + -35 - 1).
7
Calculate 4 - (0 - (17 - 4)) - (45 - 42).
14
What is the value of ((12 - 11) + 15 - 9) + (-2 - 23)?
-18
6 - ((-9 - 1) + 21 - 9 - 4)
8
Calculate (-23 - -48) + (-9 - -17) + -14.
19
41 - 17 - -12 - -8 - 15
29
Evaluate -12 - 1 - ((-17 - -8) + 1 - -9).
-14
Calculate 22 - (12 + 2) - 7.
1
Calculate (37 - 33) + -18 + 2 + -5.
-17
Calculate (1 + 0 - ((30 - 29) + 5)) + -22.
-27
Evaluate 4 + -14 + (-13 - -12) - 11.
-22
(-1 - 2) + (-17 - -12) - (-25 + 46)
-29
Evaluate (-17 + 12 - (-8 - 1)) + (8 - 1).
11
What is -8 + 2 + 1 + -3 + -3?
-11
What is -2 + 13 + -26 + 9?
-6
Calculate -2 + 1 + (-186 - -193).
6
Calculate -8 + 24 + (4 - -2) - 2.
20
Evaluate 1 + 1 - (-4 + 11 + -13).
8
What is the value of (1444 - 1489) + -2 + 16?
-31
14 + -32 + 7 + -5
-16
What is 30 + (5 - 16) + -15?
4
What is (-15 - 8) + 15 - 0?
-8
What is 9 + -2 + (9 - 14 - (-1 - -6))?
-3
What is (17 - 6) + (7 - 16) + -2 + 15?
15
-5 + -15 + 0 + 34 + -4
10
What is (6 + -9 - (-12 + 10)) + 1 + -2?
-2
What is (10 - (4 - -5)) + -1?
0
What is the value of (-8 - 0) + (-16 - (4 + -15))?
-13
What is 36 - 24 - 29 - -4?
-13
What is the value of 22 + (-5 + 4 - 8)?
13
What is 6 + 0 - -19 - 31?
-6
What is the value of (17 + -21 - 2) + (-6 - (0 - 0))?
-12
Evaluate (-5 - 6) + 9 + 7 - -8.
13
Calculate -83 + 86 - (1 + 6).
-4
134 + -134 - (-11 + 0 + 1)
10
What is the value of -6 + 12 - (11 - (2 - (2 + -3)))?
-2
What is the value of (16 - 13) + (3 + -7 - (1 + -8))?
6
Calculate 5 + (-16 - 9) + 26.
6
What is (2 - 7) + (25 - (-3 - -9 - 9))?
23
Calculate 6 + 0 + (2 - 2) + 1 - -4.
11
What is the value of (3 - (9 - 1 - -5)) + 9?
-1
What is -36 + (14 - -44 - 35)?
-13
What is the value of (-1 - (-1 - 0)) + (1 - 9)?
-8
Evaluate -1 - (-14 - -3) - 4.
6
-5 - (-2 + (1 - 3) + (-13 - -10))
2
Evaluate -13 + (4 - 2) + 9 + -1 + -1.
-4
Calculate 8 - ((40 - 39) + 2 + (0 - 7)).
12
Calculate -3 + (-1 - 25) + 8 - -5.
-16
What is (12 - (1 + 13)) + -30 + 12?
-20
What is -16 + 44 + -8 + -45?
-25
Calculate (1 - 5) + 11 + (-9 - (-1 + -1)).
0
